 q(-13).
-7
Let g(s) = 12*s**3 + s**2 - 3*s - 4. Give g(-1).
-12
Let l(o) = 28*o**2 + 5*o - 5. Determine l(2).
117
Let g(r) = r**3 - 18*r**2 - r + 1. Determine g(18).
-17
Let p(o) = -o + 5. What is p(-11)?
16
Let b(f) = -f**3 + 12*f**2 - 10*f - 3. Calculate b(11).
8
Let x(b) = -b**3 + 6*b**2 - 5*b - 1. What is x(5)?
-1
Let l(s) = 16*s + 70. Give l(-5).
-10
Let t(f) = 2*f**3 + f**2 - 2*f + 3. What is t(3)?
60
Let z(i) = 4*i**3 - 64*i**2 - 2*i + 25. Determine z(16).
-7
Let w(l) = 45*l + 2. Calculate w(-1).
-43
Let a(c) = c + 7. Calculate a(-12).
-5
Let v(z) = -5*z - 15. Calculate v(-4).
5
Let a(o) = -3*o + 2. Determine a(-1).
5
Let p(y) = y**2 - 7. What is p(-6)?
29
Let n(h) = h**3 + 3*h**2 + h + 2. Calculate n(-3).
-1
Let i(g) = 7*g + 7. Give i(-2).
-7
Let u(g) = -g**2 - 4*g + 4. Determine u(-6).
-8
Let n(b) = 14*b + 450. What is n(-32)?
2
Let o(q) = -9*q**2 - 3*q - 1. What is o(-2)?
-31
Let h(d) = -9*d**2 + 1. What is h(-1)?
-8
Let i(v) = -10*v - 326. Calculate i(-33).
4
Let u(j) = j**3 - 10*j - 8. Calculate u(-3).
-5
Let p(n) = n**3 - 36*n**2 + 36*n - 12. Determine p(35).
23
Let l(y) = -y**3 + 10*y**2 - 6*y - 48. Determine l(8).
32
Let t(r) = -r**3 + 3*r**2 + 4*r + 22. Give t(5).
-8
Let d(l) = -l**3 + 6*l**2 + l + 3. What is d(4)?
39
Let s(m) = -3*m - 30. Determine s(-19).
27
Let w(h) = h**3 + 6*h**2 + 5*h + 3. What is w(-5)?
3
Let r(y) = -6*y**2 - 12*y + 43. What is r(3)?
-47
Let k(b) = 2*b**2 + 70*b + 2. Determine k(-35).
2
Let u(m) = 3*m**2 - 5*m - 6. What is u(4)?
22
Let z(q) = q**3 + 9*q**2 - 11*q - 14. Determine z(-10).
-4
Let d(f) = 2*f**3 + 9*f**2 - 5*f - 4. What is d(-5)?
-4
Let t(v) = v**3 + v**2 - 11*v - 10. What is t(-2)?
8
Let q(r) = -2*r**2 + 23*r - 2. Determine q(12).
-14
Let c(l) = -l**2 + 7*l + 69. Give c(13).
-9
Let g(k) = k**2 + 17*k + 69. Calculate g(-9).
-3
Let a(r) = -35*r - 1148. Determine a(-33).
7
Let d(i) = i**2 - 5. Determine d(0).
-5
Let y(w) = 4*w - 39. Determine y(7).
-11
Let p(f) = 2*f**2 - 12*f + 4. Calculate p(6).
4
Let h(q) = q**3 - 52*q**2 - 52*q - 60. Calculate h(53).
-7
Let t(m) = m**3 - 12*m**2 + 12*m - 15. Give t(11).
-4
Let n(a) = 2*a + 57. Determine n(0).
57
Let a(v) = -2*v**2 + v + 3. Calculate a(3).
-12
Let o(m) = -11*m + 18. Determine o(11).
-103
Let y(d) = d**2 - 3*d - 35. Calculate y(8).
5
Let l(a) = a**3 + 9*a**2 - 11*a + 4. Give l(-10).
14
Let q(c) = -9*c + 4. Give q(2).
-14
Let s(g) = g**3 + 13*g**2 + 19*g - 28. What is s(-11)?
5
Let x(g) = 3*g + 35. What is x(-10)?
5
Let x(r) = r**3 + 9*r**2 - 2*r - 13. Calculate x(-9).
5
Let u(m) = -m**2 + 10*m - 2. Calculate u(10).
-2
Let w(g) = -g**3 - 37*g**2 + 2*g + 77. Calculate w(-37).
3
Let i(p) = -p**2 - 11*p - 19. Give i(-8).
5
Let a(u) = u**2 - 5*u - 10. What is a(8)?
14
Let n(l) = 16*l - 426. Calculate n(26).
-10
Let g(l) = l**2 + 14*l + 28. What is g(-10)?
-12
Let l(d) = 6*d - 13. Determine l(5).
17
Let m(u) = u**2 - 6*u + 6. Give m(4).
-2
Let f(s) = 9*s**3 - s**2 - 4*s + 4. Determine f(2).
64
Let q(t) = -2*t**2 - 7*t - 2. Calculate q(-5).
-17
Let r(u) = u**2 + 15*u - 29. What is r(-17)?
5
Let m(q) = -8*q - 139. Give m(-17).
-3
Let k(w) = w**3 + 6*w**2 - 2*w + 1. Calculate k(-6).
13
Let s(g) = g**2 + 4*g + 3. Calculate s(-1).
0
Let p(i) = 3*i. What is p(-2)?
-6
Let g(f) = -f**2 - 2*f + 98. Calculate g(10).
-22
Let b(o) = -o**2 - o + 10. Determine b(5).
-20
Let m(f) = -f**3 + 2*f**2 + 4*f + 5. Calculate m(-2).
13
Let r(k) = -k**2 + 2*k + 4. Calculate r(5).
-11
Let u(n) = -2*n**3 + 6*n**2 - 3*n + 4. Give u(4).
-40
Let t(f) = -f**3 - 16*f**2 + 11. Determine t(-16).
11
Let p(z) = 3*z + 30. Determine p(-10).
0
Let g(l) = -l**3 + l**2 + 16*l - 17. What is g(1)?
-1
Let l(z) = -z**3 + 25*z**2 + 59*z - 137. What is l(27)?
-2
Let x(d) = -d**2 + 9*d + 9. Give x(10).
-1
Let z(w) = w**2 + 3*w - 12. What is z(-9)?
42
Let q(n) = -n**2 + 11*n. Calculate q(11).
0
Let u(f) = f**3 + 3*f + 2. Give u(0).
2
Let q(x) = x**3 + 4*x**2 + 2*x - 1. Determine q(-4).
-9
Let q(s) = -22*s + 138. Calculate q(8).
-38
Let k(l) = -14*l - 91. Determine k(-7).
7
Let j(g) = g**3 + 3*g**2 + 2*g + 7. Determine j(-3).
1
Let d(p) = 24*p - 26. Calculate d(3).
46
Let y(r) = r**2 + 9*r + 10. What is y(-7)?
-4
Let r(y) = -y**2 - 8*y - 14. What is r(-7)?
-7
Let p(l) = 2*l**2 + 44*l - 1. Calculate p(-22).
-1
Let l(f) = -f**3 + 7*f**2 - 5*f - 5. What is l(5)?
20
Let v(n) = -n**2 + 7*n + 222. Determine v(-12).
-6
Let i(c) = -c**3 + 5*c**2 + 6*c + 2. Give i(6).
2
Let w(s) = -s**3 + 6*s**2 + 6*s. Determine w(6).
36
Let i(a) = a**3 - 9*a**2 - a. What is i(9)?
-9
Let o(v) = -25*v + 45. Give o(2).
-5
Let q(a) = -6*a - 1. Determine q(6).
-37
Let m(a) = a**3 + 5*a**2 - 2*a - 5. Calculate m(-4).
19
Let n(c) = -c**3 - 10*c**2 - 5*c + 9. Determine n(-9).
-27
Let w(x) = x**2 + 8*x - 10. Determine w(-11).
23
Let p(v) = -v**2 - 14*v - 26. Determine p(-14).
-26
Let s(t) = -11*t + 286. What is s(25)?
11
Let j(z) = z**2 + 14*z + 19. Calculate j(-6).
-29
Let p(x) = 3*x**3. What is p(1)?
3
Let c(v) = -v**3 - 12*v**2 - 10*v - 2. Give c(-11).
-13
Let j(m) = -m**3 + 8*m**2 + 3*m + 11. What is j(9)?
-43
Let h(r) = r - 23. What is h(31)?
8
Let f(k) = -k**2 + 10*k + 4. Calculate f(9).
13
Let s(k) = -47*k + 2. What is s(1)?
-45
Let h(s) = 10*s + 11. Give h(-9).
-79
Let r(w) = w**3 + 13*w**2 - 11*w + 13. Determine r(-14).
-29
Let i(l) = 2*l**3 - 7*l**2 + 8*l - 3. What is i(3)?
12
Let s(g) = g**2 - g - 5. Give s(5).
15
Let t(b) = -b**3 + 2*b**2 - 2*b - 3. Give t(-2).
17
Let f(k) = k**3 - 17*k**2 + 33*k + 6. Determine f(15).
51
Let j(l) = 30*l - 1137. What is j(38)?
3
Let h(w) = -2*w**2 + w - 2. Calculate h(-7).
-107
Let k(r) = r**3 - r**2 - 7. Determine k(0).
-7
Let x(i) = -i**3 - 9*i**2 - 8*i + 5. What is x(-8)?
5
Let t(n) = 2*n**3 - 4*n + 4. Calculate t(3).
46
Let h(j) = 9*j. What is h(1)?
9
Let y(r) = -2*r**2 - 16*r. Give y(-9).
-18
Let t(y) = -2*y - 1. Give t(-7).
13
Let v(p) = -p**2 - 19*p + 34. What is v(2)?
-8
Let l(s) = -14*s + 87. Determine l(6).
3
Let m(y) = -3*y**2 + 30*y + 74. Calculate m(12).
2
Let x(l) = 3*l + 1. What is x(1)?
4
Let h(w) = -w**2 + 13*w + 3. Determine h(6).
45
Let x(r) = -2*r**2 - r - 45. Determine x(0).
-45
Let x(w) = -2*w**2 + 22*w - 1. Calculate x(11).
-1
Let i(h) = h**3 + 7*h**2 - 5*h - 2. What is i(-6)?
64
Let o(d) = -6*d - 17. Give o(-2).
-5
Let o(j) = j**3 + 3*j**2 - j + 4. Calculate o(0).
4
Let f(c) = c - 8. Calculate f(3).
-5
Let w(t) = -t - 36. What is w(-25)?
-11
Let p(n) = 5*n + 30. What is p(-7)?
-5
Let b(i) = i**3 - 5*i**2 - 11. Give b(5).
-11
Let i(h) = 3*h + 9. Determine i(-10).
-21
Let i(v) = -2*v**2 - 48*v - 42. Calculate i(-23).
4
Let h(t) = 2*t**3 + 6*t**2 + 2*t + 9. What is h(-3)?
3
Let n(j) = -j**3 + 22*j**2 + 24*j - 33. Give n(23).
-10
Let g(a) = -a**3 - 7*a**2 - 5*a + 10. Determine g(-7).
45
Let i(f) = 6*f - 58. What is i(13)?
20
Let k(i) = 5*i**3 + 4*i**2 - 2*i - 4. Give k(2).
48
Let y(u) = -6*u + 118. Give y(20).
-2
Let u(j) = -14*j + 268. What is u(19)?
2
Let r(m) = -m**3 + 4*m**2 + 7*m - 9. What is r(5)?
1
Let b(m) = m**2 + m - 3. Give b(-3).
3
Let w(o) = o + 4. Determine w(-27).
-23
Let v(a) = 3*a**2 + 6*a + 9. What is v(-4)?
33
Let s(p) = -285*p - 567. What is s(-2)?
3
Let f(b) = -b**3 + 6*b**2 - 2*b + 3. Determine f(5).
18
Let d(c) = -3*c**3 + 14*c**2 - 7*c + 4. Calculate d(4).
8
Let t(v) = 2*v**2 - 41*v + 68. Determine t(19).
11
Let z(o) = -o**3 - 11*o**2 - o - 33. Determine z(-11).
-22
Let t(k) = k**3 + 28*k**2 + 24*k - 40. Determine t(-27).
41
Let j(n) = 2*n**2 - 16*n - 13. Calculate j(9).
5
Let i(t) = t**2 + 4*t - 5. Give i(-4).
-5
Let b(r) = 28*r - 272. What is b(9)?
-20
Let x(i) = 3*i - 15. Calculate x(-5).
-30
Let y(q) = 2*q**3 + 2*q**2 + q + 1. Determine y(-2).
-9
Let v(w) = -5*w**3 - 3*w**2 - 5*w - 4. Give v(-2).
34
Let j(x) = -2*x + 14. Give j(11).
-8
Let l(p) = 20*p + 191. Determine l(-10).
-9
Let q(l) = -3*l - 6. Calculate q(-7).
15
Let f(t) = 2*t + 45. Determine f(-16).
13
Let n(p) = -2*p**2 + 6*p + 4. Determine n(5).
-16
Let x(t) = 22*t - 82. Calculate x(4).
6
Let b(z) = z**3 + 3*z**2 - 15*z + 2. What is b(3)?
11
Let t(p) = p**2 - 14*p + 4. Give t(13).
-9
Let m(h) = -6*h + 22. Give m(4).
-2
Let b(y) = y**2 - 5*y - 5. Calculate b(9).
31
Let d(c) = c**3 + 11*c**2 - c + 12. Calculate d(-11).
23
Let b(j) = -j**3 + j - 8. What is b(0)?
-8
Let y(t) = 